he units digit of h?
9
Suppose -o + 4*u = 4*o - 1342, -3*o = 4*u - 818. Suppose 15*y + o = 20*y. What is the tens digit of y?
5
Suppose 4*v + v - 300 = 0. Suppose -8*m = -3*m - v. What is the tens digit of m?
1
Let t(p) = -174*p**3 - 2*p**2 + 2*p + 3. What is the hundreds digit of t(-1)?
1
What is the units digit of (96/(-10))/((-12)/(-270)*-1)?
6
Suppose 4*z = 0, -7*k - z + 1764 = -4*k. What is the units digit of k?
8
Let m(c) = -c**3 + 11*c**2 + 3*c - 13. Let v be m(9). Suppose 5*k = -2*z + 284, 0 = 3*k + z + 3*z - v. Let i = k + -36. What is the tens digit of i?
2
Suppose 0 = 4*a - 9*a - 3*t + 1440, 0 = t - 5. Suppose -a = -6*j + j. What is the tens digit of j?
5
Let n be 1/9 + (-35)/(-9). What is the hundreds digit of (66/18 - n)/(1/(-366))?
1
Let b be (-32 + 0)/(4/4 + -2). Let m(c) = c**2 + c. Let z be m(0). Suppose y + 2*h - 74 = z, -h - 96 - b = -2*y. What is the tens digit of y?
6
Let v(b) = -b**2 + 5*b - 5. Let x be v(4). Let l = x - 5. What is the tens digit of -62*((-3)/l)/(-1)?
3
Let k be 33/(-1 + (-15)/(-6)). Let c = -20 + k. What is the units digit of c*10*(-42)/(-35)?
4
Let b be (-2)/(6/(-15))*1. Suppose -b*f = k + 4*k - 250, -2*f - 5*k = -85. Let n = 78 - f. What is the tens digit of n?
2
Suppose -5*y + 4*f + 7606 = f, -5*y = -5*f - 7600. What is the thousands digit of y?
1
What is the tens digit of (-120)/(-72)*390/25?
2
Let f(v) = -v**3 - 8*v**2 - 5*v + 17. Let q be f(-7). Suppose -5*p + q*s + s = -146, 3*p + s - 91 = 0. What is the tens digit of p?
3
Let k be (-20)/((-2)/98*-2). Let g = k + 742. What is the units digit of g?
2
Let y = -4 - -9. Suppose -2*d = -y*n - 15, 1 = -3*n - 2. Suppose 0 = -d*r + 2*v + 245, 0*r - r + 57 = -2*v. What is the tens digit of r?
4
Let a(q) = -4*q - 4 + 7*q + 1 - 7*q. Suppose -6 = 3*r - r. What is the units digit of a(r)?
9
Suppose v - 2*s - 292 = -3*s, 0 = 3*s + 9. Suppose 5*d = -v - 260. Let q = -41 - d. What is the units digit of q?
0
Suppose -4*u = 2*u - 1002. What is the hundreds digit of u?
1
Suppose -12715 = -4*h - d, -6*h - 3163 = -7*h + 5*d. What is the hundreds digit of h?
1
Let l = -2128 - -3132. What is the hundreds digit of l?
0
Let s(q) be the second derivative of -q**5/20 + q**4/2 - q**3/2 - 5*q**2/2 + 13*q. What is the tens digit of s(4)?
1
Let h = 104 + 4. Let d = h + -69. What is the units digit of d?
9
Let u = 202 - 319. Let n = -98 - u. What is the units digit of n?
9
Let q be (13/(-2))/((-3)/6). What is the units digit of (-241)/(-5) - q/65?
8
Let l be ((-48)/60)/((-4)/10). Suppose l*h = 7*h + 820. What is the units digit of h*4/32*-2?
1
Suppose -4*d + 6*d + 4*a = -28, -2*a = 6. What is the tens digit of d/(-56) + 2181/21?
0
Let z be 4/14 - 2108/28. Let u = z - -181. What is the tens digit of u?
0
Suppose -14*j + 3941 = -14357. What is the hundreds digit of j?
3
Let u(d) be the first derivative of -d**4/4 + 3*d - 3. Let c(q) = 4*q**2. Let f be c(0). What is the units digit of u(f)?
3
Let o(y) = 93*y**2 - y - 2. Let x be o(-1). Let t = x + -57. What is the units digit of t?
5
Suppose 6*i - 2*i = -a + 24, -21 = a - 5*i. Suppose 4*p = -4*l + 5 - 1, 3*l - a*p + 18 = 0. What is the units digit of 42/(-1 - (0 + l))?
2
Let m(x) = x**3 - x**2 - 5*x - 3. Let w be m(3). Suppose 16*c - 12*c - 296 = w. What is the units digit of c?
4
Let p(h) = h**3 - 9*h**2 - 9*h - 7. Let c be p(10). Suppose j + 100 = -4*k - j, -2*j - 19 = k. Let q = c - k. What is the tens digit of q?
3
Suppose 0 = -3*j + 9, -4*v + 5*v + 11 = 5*j. Suppose 34 = v*y - 26. What is the tens digit of y?
1
Let c = -1114 - -2580. What is the thousands digit of c?
1
Let a(g) = 40*g - 7. Let h(v) = -v**3 - 7*v**2 - 2*v - 11. Let r be h(-7). What is the hundreds digit of a(r)?
1
What is the units digit of (5/10)/(2/216)?
4
Let i = 357 + -221. Suppose 0 = -9*b + i + 278. What is the tens digit of b?
4
Let v be 1581/119 + (-4)/14. Suppose 3*d - 35 = v. What is the units digit of d?
6
Let k be ((-4)/(-5))/(16/(-80)). What is the units digit of 80 + (-3)/((-3)/k)?
6
Suppose 4*i - s = 2245, 4*i - 3*s = 2*s + 2265. What is the hundreds digit of i?
5
Let a(c) = -32*c + 146. What is the tens digit of a(-25)?
4
Suppose -2470 = -3*k - 5*z, 7*z = -3*k + 3*z + 2474. What is the tens digit of k?
3
Suppose -4*p = 4*s - 884, 0 = -5*s + 3*s + 5*p + 407. What is the hundreds digit of s?
2
Let g(l) be the third derivative of l**6/120 - 7*l**5/60 + l**4/24 - 2*l**3 - l**2. Let i be g(8). Let d = 126 - i. What is the units digit of d?
6
Suppose -9724 = -15*q - 2*q. What is the hundreds digit of q?
5
Let j = -378 - -428. What is the units digit of j?
0
Let p = -28 - -30. Let w(n) = 2*n**2 + n - 2. Let r be w(p). What is the tens digit of 4/(-8)*r - -54?
5
Let n = 15 - -29. Suppose 15 = b - n. What is the units digit of b?
9
What is the units digit of 6/9*(1/(-1) + 232)?
4
Let c = 492 - 13. What is the hundreds digit of c?
4
What is the units digit of ((-14)/21)/((-2)/5352)?
4
Let u(k) = k**2 - 6*k + 2. Let c be u(6). Let j be (c*-62)/((-6)/3). Suppose -5*q - d + j = 0, q + 3*d + 0 - 4 = 0. What is the tens digit of q?
1
Suppose 9*c - 6*c - 546 = 0. Let a = -72 + c. What is the tens digit of (18/(-30))/((-2)/a)?
3
Suppose -6*t - 55 = -t. Let z = t + 14. Suppose 0*d = -5*u + 2*d + 104, -z*u + 60 = -2*d. What is the units digit of u?
2
Let j(g) = 7*g**2 - 7*g - 9. What is the tens digit of j(-7)?
8
Suppose -7*j = -419 - 3935. What is the units digit of j?
2
Let y(d) = 2*d + 21. Suppose -u = 2*u. What is the units digit of y(u)?
1
Suppose 6117 = 5*b - 2*r, -3*b - 3*r + 1923 + 1743 = 0. What is the thousands digit of b?
1
Let q(f) = -f**2 + 26*f - 35. Let p = 15 - -3. What is the units digit of q(p)?
9
Let v(o) = 30*o**2 + o. Let s be v(1). Let g = s - 27. Suppose -g*u = -6*u + 82. What is the tens digit of u?
4
Let x(c) be the first derivative of -49*c**4/4 - 2*c**3/3 - c**2/2 + 7. Let z be x(-1). Suppose 2*r = -0*r + z. What is the units digit of r?
4
Let i(k) = 11*k**2 + k - 2. Let u be i(-2). Let h = 10 + u. What is the tens digit of h?
5
Let v(x) be the second derivative of 2*x**3/3 + 19*x**2 - 27*x. What is the units digit of v(15)?
8
Suppose 106*z - 3 = 105*z. What is the tens digit of (3/(-2))/((-2)/224*z)?
5
Suppose 81 = 5*h + o, 0 = 5*h + 2*o - 25 - 57. Let v(j) = -2*j - 6. Let b be v(-9). Let g = b + h. What is the tens digit of g?
2
Let v = -75 + 242. What is the tens digit of v?
6
Let u(v) = -9*v**3 + 2*v**2 + 2*v + 2. Let s be u(-2). Let j = -9 + s. What is the units digit of j?
9
Suppose 2 = -7*n + 3*n - 2*t, 0 = 4*t + 20. Suppose 39 = n*b + 27. What is the units digit of b?
6
Let u(k) = 4*k - 57. Let l be u(20). Let c = l - -131. What is the hundreds digit of c?
1
Suppose 70*w - 59*w - 19481 = 0. What is the tens digit of w?
7
Let p be (-50)/20*(-4)/5. Suppose -p = -k - 4. What is the units digit of k/(-4) - (-3)/6?
1
Let h = 2684 + 1662. What is the tens digit of h?
4
Let p be 39*(4/(-3) - -2). Let o = -63 - -112. Suppose 3*r - p = o. What is the tens digit of r?
2
Suppose k + w - 276 = 324, -w = 4*k - 2397. What is the units digit of k?
9
Let x(h) = 3*h**2 - 27*h - 293. What is the tens digit of x(42)?
6
Let z be 4*2/10*(-10)/(-4). Suppose -3*f + z*o = -50, -o + 52 = 4*f - 0*f. What is the units digit of f?
4
Let c(p) be the first derivative of -47*p**2/2 - 26*p + 2. What is the tens digit of c(-4)?
6
Suppose -11601 = -24*o + 19935. What is the tens digit of o?
1
Let z(m) = -2*m - 1. Let w be z(-1). Suppose 0 = 5*p - 5, 3*p - 22 - w = -5*u. Let l(t) = 4*t + 1. What is the tens digit of l(u)?
1
Let y be (28/(-10))/((-2)/10). Let h(f) = 4*f**2 - 11*f + 16. Let x(b) = -b**2 - 1. Let a(i) = h(i) + 3*x(i). What is the tens digit of a(y)?
5
Let k = 56 + 441. What is the tens digit of k?
9
Suppose 0 = -3*w + 4*w. Suppose -t + 12 = -2*l - 2*l, 2*t + 5*l + 28 = w. What is the units digit of 4*(2/t + 1)?
2
Let g = 782 + 4786. What is the tens digit of g?
6
Suppose -5*q - 3 = -s + 11, -3*q = -4*s - 12. Suppose -4*c - 87 = -51. Let t = s - c. What is the units digit of t?
3
What is the tens digit of ((-371)/106)/(1/(-610))?
3
Let u be 0*(54/12 - 4). Suppose u = -3*x + 725 - 86. What is the units digit of x?
3
Let k(c) = c**3 + 5*c**2 - 5*c + 6. Let z be k(-6). Suppose -32 = -4*n - 0*n. Suppose z = a - 4*u - 2 - 1, 4*u - n = 0. What is the u